es 13 divide u(0)?
True
Let r = 4 + 32. Does 6 divide r?
True
Let v be 1/(-3) + 2113/3. Is v/40 - (-4)/10 a multiple of 3?
True
Suppose 12 = 2*b + 4, 0 = 3*p + 5*b - 44. Let d = 9 - -11. Suppose p = v - d. Does 14 divide v?
True
Let n be ((-2)/(-6))/((-2)/(-678)). Let q = n - 73. Suppose -2*i + q = -0*i. Is 10 a factor of i?
True
Let g = 32 + -28. Is g a multiple of 4?
True
Suppose -5*p = -5*i + 535, -4*p = 4*i - 535 + 83. Is i a multiple of 22?
True
Suppose -4 = -y + 8. Let t be 6/18*-3*7. Let s = t + y. Is 5 a factor of s?
True
Let u(b) = -b**3 + 10*b**2 - 8*b - 7. Let w be u(9). Suppose x = 6 - w. Suppose 3*h + 21 = x*h. Is 12 a factor of h?
False
Let m(w) = -w**2 + 14*w + 3. Let u(r) = 11*r**2 + r - 1. Let k be u(1). Is 16 a factor of m(k)?
False
Suppose 0 = -3*z - 3*f + 78, z + 3*f - 35 = -f. Let s = 5 + -3. Suppose o - s*o + z = 0. Is 23 a factor of o?
True
Suppose -v - 3*j = -19, -v + 3*v + 5*j - 35 = 0. Let r(k) = k**3 - 10*k**2 + 4*k - 2. Is r(v) a multiple of 15?
False
Suppose 3*c + 99 = -0. Suppose -g + 0*g - 4*x = -45, -g + 4*x = -61. Let k = c + g. Is 15 a factor of k?
False
Let k = 9 + 1. Does 10 divide k?
True
Let p = -11 - -11. Suppose p = 3*d + 10 - 25. Does 3 divide d?
False
Suppose -m - w + 1 = 0, 5*m + 0*m + w - 5 = 0. Suppose -30 = -3*t + 72. Suppose r = -4*o + 24, -t = -r + 5*o - m. Is 14 a factor of r?
True
Let d(c) = -c**2 - 6*c + 5. Let i be d(-7). Is ((-1)/(-2))/(i/(-12)) a multiple of 2?
False
Does 6 divide 4/8 - 46/(-4)?
True
Let t(z) = -z + 73. Is 16 a factor of t(25)?
True
Is ((-4)/(-14))/((-5)/(-665)) a multiple of 38?
True
Suppose 2*g = -0*z - z + 147, -5*g + 375 = z. Is 19 a factor of g?
True
Let s be -6*(-1 - (-4)/6). Suppose -3*x + 36 = f, s*x = 5*f + 60 - 19. Is 8 a factor of x?
False
Let d = -8 - -24. Is d a multiple of 4?
True
Is 23 a factor of (((-15)/(-4))/1)/((-3)/(-40))?
False
Let i be (-3)/(9/(-6)) + -2. Suppose i*r - 4*r + 144 = 0. Let m = -25 + r. Is m a multiple of 11?
True
Suppose -88 = 4*l - 3*f, 2*l - 3*f + 22 = l. Let a = l + 9. Does 5 divide -1 - (-2)/((-2)/a)?
False
Let a be (18/8)/(4/(-16)). Let o = 18 + a. Is o even?
False
Let r(y) = y**3 + 5*y**2 + 6. Let h be r(-5). Let n(b) = 4*b + 4. Does 14 divide n(h)?
True
Let y = 155 - 103. Is 32 a factor of y?
False
Let y(r) = r**2 + 6*r - 3. Let s be y(-5). Is 300/s*(-4)/6 a multiple of 11?
False
Let l(j) = j**3 + 7*j**2 + 6*j - 4. Let a be l(-6). Is 18 + (-5 + 2 - a) a multiple of 5?
False
Is 2 a factor of 1/((2/(-8)*10)/(-5))?
True
Let r(a) = -2 + 0*a**2 - 4*a**3 + 2*a**3 - 4*a**2. Let b be r(-3). Let o = b + -9. Is 7 a factor of o?
True
Is 11 a factor of (-2)/3*6*-11?
True
Let f(l) = -3 + 4 + 1 - 6*l**2 + l**3 + 2 - 6*l. Is 10 a factor of f(7)?
False
Let c = 5 - -9. Let j = 24 - c. Is j a multiple of 3?
False
Let d = 11 - 4. Let h = 6 + d. Suppose 2*m - h = 7. Is 6 a factor of m?
False
Let y(j) = -j**3 - j**2 + 3*j + 4. Let f be y(-4). Let a = 64 - f. Does 5 divide a?
False
Suppose -3*r + 7 + 2 = 0. Suppose r*f + 5 = 4*f. Suppose -f*v + 0*a = 2*a - 59, 5*v - 53 = a. Is 8 a factor of v?
False
Let w(a) = -a**3 + 12*a**2 - 7*a - 5. Let p be w(8). Suppose -3 = 3*c - p. Is c a multiple of 25?
False
Let l be -46 - (1 - 1 - 0). Let c(w) = 17*w + 2. Let y be c(-2). Let u = y - l. Is u a multiple of 7?
True
Suppose 3*o + 223 = 4*h, -279 = -0*h - 5*h + 4*o. Is 33 a factor of h?
False
Suppose 69 = 5*l - 2*f, 4*l + 3*f = -0*f + 46. Is 8 a factor of l?
False
Suppose -11 = -5*k - 2*c, 20 + 1 = 5*k - 3*c. Let l be 155 - k*3/3. Suppose 4*z - 2*q - l = 3*q, -z - 5*q = -13. Does 11 divide z?
True
Let d(a) = 2*a**2 - 5*a + 9. Does 25 divide d(-9)?
False
Let g = 15 - 10. Suppose 10*r - g*r = 155. Is r a multiple of 25?
False
Let q be -5 + 2 + 1 + 2. Is 9 + q + 6/(-3) a multiple of 7?
True
Suppose -1 = 3*p - 4*p, 11 = 4*z - 5*p. Suppose -2*f - z*y + 46 = 0, 4*f - 146 + 54 = -3*y. Is 7 a factor of f?
False
Let r = 8 + -5. Suppose 0 = r*g - 5*n + 16, -g + 0*n = -n + 4. Does 9 divide 15 + g - (1 + -4)?
False
Let v be 6/5*25/(-10). Let b be 2/(-4)*(-3 + v). Does 17 divide b - (-35 - (3 - 1))?
False
Let m = 66 + -24. Is m a multiple of 21?
True
Suppose 2*j - 5*j - 3 = 0. Does 17 divide 25 + 9 + 0/j?
True
Let x(d) = -20*d - 4. Let v be x(-5). Suppose 2*o - v = 12. Is 18 a factor of o?
True
Let o = 75 + -50. Suppose o = t + 8. Is t a multiple of 17?
True
Let d = 1 + -1. Suppose 4*q = -d*q + 12. Is q/((-5)/(10/(-3))) a multiple of 2?
True
Let p(c) = -c**3 - 6*c**2 + 7*c + 1. Let s be p(-7). Is (1 - (-37)/s)*1 a multiple of 19?
True
Let r = 95 - 83. Does 4 divide r?
True
Suppose -i + 4*i - 1290 = 0. Suppose 5*h - i - 210 = 0. Is 16 a factor of ((-12)/(-8))/(6/h)?
True
Suppose 0*i + 15 = 3*i. Suppose 48 = w + i*j, j = 5*j + 16. Suppose 0*t - w = -4*t. Is t a multiple of 15?
False
Let j(a) = -a - 3. Let t be j(-5). Suppose -t*p = 3 - 11. Suppose -2*d = -p - 6. Is d even?
False
Let p = 24 + -15. Is p a multiple of 8?
False
Suppose -20 = 4*x, -30 - 1 = -4*n - x. Suppose 5*o - n = -29, -5*h = 4*o - 119. Is 16 a factor of h?
False
Let p be 6/(-4)*(-5 - -3). Suppose -4*w = 3*d - 63, -w + p*d + d = -30. Suppose -2*o = -s + 30, 2*o = -3*s + w + 32. Does 10 divide s?
True
Suppose -3*u + 73 = -161. Is 48 a factor of u?
False
Let u(f) = 4*f**3 - 8*f**2 + 9*f - 12. Suppose -3*b + 8 = -16. Let z(g) = -11*g**3 + 24*g**2 - 27*g + 35. Let o(n) = b*u(n) + 3*z(n). Is o(6) a multiple of 16?
False
Let f = -245 - -174. Let r = -15 - f. Does 10 divide (2 - -1)/(6/r)?
False
Suppose o + 5 = 13. Is o a multiple of 8?
True
Let p(n) = n**2 - 2*n + 4. Does 31 divide p(12)?
True
Suppose -3*m = -2*m - 87. Suppose 3*g - m - 66 = 0. Is 15 a factor of g?
False
Let u = 7 + -4. Suppose 1 = u*c - 14. Suppose 0*s + 60 = c*s. Is s a multiple of 6?
True
Let f(i) = -i**3 + 6*i**2 - 4*i - 2. Let t be f(5). Suppose -t*p + 3*b = -0*p + 30, 0 = 3*p - 2*b + 28. Let j = p + 13. Is 5 a factor of j?
True
Let t(c) = -2*c**3 - 4*c**2 - 3*c. Suppose 0 = 4*v + h + 10, -12 = 4*v - h + 3*h. Let y be t(v). Let f(l) = -l**3 + 8*l**2 - 10*l + 8. Does 10 divide f(y)?
True
Let u(h) = -h**2 + 5*h + 4. Let f be u(6). Let k(j) = 8*j**2 - 2*j. Is 18 a factor of k(f)?
True
Suppose -3*a + 2*a = 0. Suppose -3*c + 8*t - 4*t + 105 = a, -4*c = t - 121. Let s = c + -16. Is s a multiple of 12?
False
Suppose 2*h = 5*b - 12, -4*h + b - 1 = 23. Let r = 7 - h. Does 11 divide r?
False
Suppose 0 = 2*u - 4*u + 24. Is (-1)/(-4) - (-105)/u a multiple of 6?
False
Let w = 3 + -3. Suppose 2*q = -w + 16. Let d = q - -13. Is 21 a factor of d?
True
Does 18 divide 1 + 1 + 54 + -2?
True
Let k be (3/3)/((-2)/(-470)). Suppose -4*n - 71 + k = 0. Does 15 divide n?
False
Let d(v) = -v**2 + 6*v - 1. Let g be d(5). Suppose g*h = -3*w + 59, -w = h + h - 17. Suppose 0 = 2*r - w - 17. Is 12 a factor of r?
False
Suppose -86 = -5*r + 69. Is r a multiple of 15?
False
Let z = 12 - -6. Is 18 a factor of z?
True
Let z be 1280/24*18/8. Suppose -z = -o - 2*o. Does 13 divide o?
False
Let h = 25 - 156. Let i = h - -221. Let x = i - 56. Does 17 divide x?
True
Let w be (0 - -7)/(9/108). Suppose 0*o - 3*o + 122 = 2*v, -w = -2*o - 2*v. Is 9 a factor of o?
False
Let p(f) = -5*f - 2. Does 4 divide p(-2)?
True
Suppose 0 = -5*s + 8 - 3, -4*y + 31 = 3*s. Suppose -y*b + 5 = -2*b. Does 3 divide b/(-4) + (-34)/(-8)?
False
Let o = -13 + 7. Let i = o - -9. Suppose -i*c = 2*r - 100, 0*r + 169 = 5*c + r. Is 17 a factor of c?
True
Let w(z) = -6*z**3 + 4*z**2 + 6*z + 6. Is w(-2) a multiple of 6?
False
Suppose 0 = -9*b + 4*b. Suppose b = -n + 2*m + 23, 0 = 4*n - 2*m - 2*m - 92. Suppose 2*v = -6, 0 = 5*z - 3*v - n - 6. Is 3 a factor of z?
False
Suppose o = -4*o - 2*s + 72, 2*o = -s + 28. Suppose 24 = 4*a - o. Let c = a + -5. Is 2 a factor of c?
False
Let d = 1 + 1. Does 8 divide (d/6)/(4/168)?
False
Let u(v) = -20*v + 4. Is u(-2) a multiple of 23?
False
Let k(g) = g**2 + 12*g + 11. Let t be k(-12). Let o(i) = i**2 - 6*i - 4. Does 19 divide o(t)?
False
Let s = 26 - 14. Suppose -4*i + 2*i = 5*i. Suppose -3*l + l + s = i. Does 6 divide l?
True
Suppose -2*t + 133 = -3*m, -t = 2*m - 3*m - 68. Is t a multiple of 23?
False
Suppose -2*g = 3*n + 24, 5*g + 2*n + 17 + 21 = 0. Let r be g/(-3) - (-2)/2. Suppose 0*b = -r*b + 12. Is 4 a factor of b?
True
Let b = -13 - -31. Is 3 a factor of b?
True
Let w = 35 -